osite?
False
Let p = 101 - 98. Is p composite?
False
Let t(g) = 352*g + 5. Is t(2) a composite number?
False
Let z = -5 + -5. Let q = 19 + z. Is q composite?
True
Let c(p) = 3*p + 2. Let r be c(-2). Let v(n) = n**3 + 7*n**2 + 7*n + 8. Let q be v(-6). Is (-39)/(-6) - q/r prime?
True
Let v(g) = 26*g**3 - g**2 - 12*g + 1. Is v(6) a prime number?
False
Let s = -51 - -125. Suppose 11 + s = i. Is i a composite number?
True
Let x = 2 - 6. Let g = x - -6. Is (-582)/(-9) - g/(-6) composite?
True
Let q(w) be the second derivative of -w**7/2520 - w**6/120 + w**5/30 + w**4/12 + w. Let d(u) be the third derivative of q(u). Is d(-3) composite?
False
Let l = -16 + 27. Is l a prime number?
True
Is (-4)/(16/662)*-2 prime?
True
Let b = 2036 + -1140. Suppose -c = 2*c + 3. Is b/8 - (c + 0) a composite number?
False
Is (-2552)/24*(0 - 3) a composite number?
True
Let o be ((-8)/(-6))/(7/189). Let m(w) = -51*w**3 + w**2 - 1. Let t be m(-1). Let h = t - o. Is h a composite number?
True
Let k(d) = -41*d. Suppose 10 = 2*c, -u + 0*c - 7 = -c. Let n be k(u). Suppose -4*o + n = -58. Is o prime?
False
Suppose 5*k - 991 = 914. Is k a composite number?
True
Let p(d) = 26*d - 19. Is p(12) prime?
True
Let c(s) = 8*s - 37. Is c(15) a prime number?
True
Let y(z) = 333*z - 7. Is y(8) prime?
True
Let d(a) = a**3 - a**2 + 1. Let f be d(1). Is f*(2 - 249*-1) a composite number?
False
Suppose 9*n = 19753 + 9866. Is n prime?
False
Let d(h) = -h + 11. Let g be d(9). Suppose 4*f = -f + 4*j + 1601, g*j + 642 = 2*f. Is f a composite number?
False
Let w = -1 - -3. Let s = w - -13. Is s prime?
False
Let h = -6 + 9. Suppose 0*b = -2*b + 2*r + 568, 5*b + h*r - 1444 = 0. Is b a prime number?
False
Suppose -5*o - 9 + 29 = -5*a, -2*a = 5*o - 6. Is 234 + o/1 - -3 prime?
True
Let d = -265 + 605. Suppose 3*o - 3*w - 32 = d, -4*w = 20. Is o a prime number?
False
Let d(o) = o**2 + 2*o + 6. Suppose -11 = -k - u, -2*k + 3*u + 6 = u. Suppose -27 = 5*l - k. Is d(l) a composite number?
True
Let y be 0 + 2 - (-2 + -36). Suppose -2*c - y = -2*w, -2*c + 6*c = -3*w + 53. Is w a prime number?
True
Let z be ((-38)/3)/(2/(-45)). Suppose -4*f + 228 = -q, -5*f - 2*q + z = q. Is f a prime number?
False
Suppose d - 355 = y, -2*y = -5*d - 6*y + 1766. Suppose -3*l + d = 60. Let r = l - -17. Is r a prime number?
False
Let r(k) = -20*k - 7. Let h be r(-7). Suppose 3*n - 5*o - h = -12, 4*n - 4*o = 156. Is n a prime number?
True
Let x(s) = -s**3 - 3*s**2 + s + 4. Let q be x(-3). Let r be (-4)/(-14) - (-164)/14. Is (r - 1)/(q/2) a prime number?
False
Suppose i = -147 + 46. Suppose -2*n = 4*o - 866, n - 30 = 5*o - 1095. Let w = o + i. Is w a prime number?
True
Suppose -j = 3, 2*w - 2722 - 4599 = j. Is w a prime number?
True
Let g = 145 + -237. Let d = g - -169. Is d a composite number?
True
Is (-12)/8 + 1 + 2303/2 composite?
False
Let z(t) = t**3 + 4*t**2 - t + 2. Let o be z(-4). Suppose s + 4 = o. Suppose s*j - 105 = -3*f, 3*f = -0*f - 3*j + 102. Is f a composite number?
False
Suppose -3*o = -4 - 5. Let c(z) = z**2 - 3*z + 3. Let i be c(o). Suppose 2*m - 646 = -8*b + 4*b, i*m - 4*b = 939. Is m a prime number?
True
Suppose 0 = 5*d - 2*r - 507, 7 = -4*r + 23. Is d composite?
False
Let d = -1550 - -2823. Is d a composite number?
True
Let g = 5 - 9. Let n be (g/10)/((-1)/(-5)). Is (-4)/(-2)*(-11)/n prime?
True
Let c = 5 + -2. Let q(m) = -7*m + 0*m**c + 3*m**3 - 4*m**3 - 7*m**2. Is q(-6) prime?
False
Suppose -d + 3*j - 27 = -5*d, 2*j - 25 = -5*d. Suppose -308 = -s + 5*i + 613, -3*s + 2715 = -d*i. Suppose -2*r = 5*y + 244 - s, 4*y - 2*r - 522 = 0. Is y prime?
True
Suppose 3*j + 358 = 2*r, 0 = 3*j - j + 2*r + 242. Is 3 + (-3 - j - -1) a composite number?
True
Is (1*-1)/((-1)/3) + 1714 a composite number?
True
Let i(u) be the third derivative of u**6/120 - u**5/15 + 5*u**4/24 - 2*u**3/3 + u**2. Suppose 3*v - 21 = -0*x - 3*x, 2*x + 3*v = 18. Is i(x) a composite number?
False
Suppose 2049 = 4*f + 5*b, 2553 = -f + 6*f - 2*b. Is f a prime number?
False
Let i = 74 + -45. Suppose d = -x + 4*x - 19, i = 4*x - 5*d. Suppose 2*t = x*t - 140. Is t a prime number?
False
Let z(m) = 7*m**3 - m**2 - m. Let x(t) = t**2. Let s(l) = 3*x(l) + z(l). Let p be s(-2). Is (-11 + -3)*p/4 a prime number?
False
Suppose 41 = -3*s + 614. Is s a composite number?
False
Let q(c) = 2*c - 3. Let a be q(4). Suppose 243 - 57 = l - p, 0 = -a*l - 2*p + 909. Is l prime?
False
Suppose -4*k - 96 = 96. Let d = 127 + k. Is d composite?
False
Let p be 0 + 3 + 2 + 0. Let h = 1 + p. Let v = h + 3. Is v a composite number?
True
Let z = -3922 - -8073. Is z a prime number?
False
Suppose -37 = n - 9. Let x = 10 - 17. Let i = x - n. Is i prime?
False
Let r be (-2 + 55/(-2))*-2. Suppose 5*p = 42 - 162. Let d = r + p. Is d composite?
True
Suppose -2*r + 4*g + 0 = -10, 5*g = -5. Suppose -12 = r*c, 0*c = -w + 3*c + 319. Is w composite?
False
Let s = 11 - 5. Let f = 9 - s. Suppose -153 - 228 = -f*v. Is v prime?
True
Let d = 1736 + -759. Is d a composite number?
False
Let y be (-2)/3 - (-1)/(-3). Is y/(2/(-14) - 0) a composite number?
False
Let k(v) = 149*v**3 + v. Let u be k(1). Suppose -11 = 5*r - 1. Is (r - 1/(-1)) + u a composite number?
False
Let q(s) = -s**2 + 4*s - 2. Let z = -2 - -7. Let w be q(z). Let u(m) = 2*m**2 - 2*m - 3. Is u(w) prime?
True
Is (-3)/(-15) + (-64)/(-5) prime?
True
Let x = 7 + -11. Let l be -254*((-30)/x)/(-5). Is (4/6*l)/2 a composite number?
False
Suppose -3*v - 5 = -3*p + 1, -2*v + 4*p + 6 = 0. Is 4111/7 - (-2)/v a prime number?
True
Let o(h) = 12*h**2 + h - 1. Let d(b) = b**2 + 5*b - 10. Let f be d(-7). Let c be f - (2 + 1 + -1). Is o(c) a prime number?
False
Suppose 386 = 3*o - o. Is (2 - 4)/1 + o prime?
True
Suppose 0 = 4*p - 0*v - 2*v - 330, -4*p + 360 = 4*v. Let u = 58 + p. Is u a prime number?
False
Let b(s) = 4*s**2 - 14*s - 3. Is b(15) prime?
False
Suppose -2*b = 5*x - 5190 - 9326, -11596 = -4*x + 4*b. Is x/18 + (-6)/27 composite?
True
Is 4 + -1 - (-260 + 0) composite?
False
Let r = 11 + -10. Suppose -3*j - r = -628. Is j prime?
False
Suppose 77 = -y + w, -4*y - 3*w = -y + 225. Let h = y + 155. Is h a composite number?
False
Suppose -o + 2*p = -0*o - 135, 5*p = -5*o + 660. Is o a prime number?
False
Let q(x) = x**3 - 6*x**2 + 2*x - 6. Let a(m) = m**3 + 9*m**2 - 2*m - 12. Let o be a(-9). Let l be q(o). Is l/9 - (-43)/3 prime?
False
Suppose 3*z + 4 = -5*b - 3, -5*z - 17 = 3*b. Let y(c) = -c - b - c**3 + 5*c**2 + 1. Is y(2) composite?
True
Let d(k) = 21*k**2 - 6*k + 7. Let n be d(5). Let i = n - 291. Is i a prime number?
True
Let h(k) = 12*k**2 - 6*k - 1. Let t be (-2 - -1)*(2 - -5). Is h(t) composite?
True
Let q(s) = 10*s**3 - s**2 + s - 1. Let t be (-6)/(-2)*(-1)/(-3). Is q(t) a composite number?
True
Let g(b) = 21*b - 22. Let m be g(-15). Let s = m - -624. Is s a composite number?
True
Suppose -18 = -3*n - 3*q - q, 5*n - 3*q - 1 = 0. Suppose -y + 4*l + 23 = 0, -n*y + 3*y = 5*l + 28. Suppose -v + y*v = 446. Is v composite?
False
Let r(l) = -44*l**3 - l**2 - 6*l - 4. Is r(-3) prime?
True
Let b(m) = m**2 - 5. Let t be b(0). Let c = 43 + t. Is c prime?
False
Let z = 5 + 18. Is z a composite number?
False
Let c(f) = -48*f - 1. Suppose z + 1 = -0*z. Is c(z) a composite number?
False
Let c = 119 - 81. Let b = 5 - 20. Let r = c + b. Is r a composite number?
False
Let w(c) = c**2 - c - 1. Let k be w(3). Suppose 0 = -k*h - 4*y + 267, 0 = -y - 4 + 2. Let r = h - -4. Is r a prime number?
True
Let j(w) = -138*w**2 - 1. Let c be j(2). Let n be c*(-6)/14*2. Is n/(-12)*(0 - 2) composite?
False
Let q(i) be the second derivative of i**5/5 - i**4/12 + i**3/3 + 2*i**2 - 3*i. Is q(3) a composite number?
False
Let l be -3*(3 + (-10)/3). Suppose -z + 2*z - l = 0. Is 40 - (2/1 + z) composite?
False
Let r(p) = p**2 - 7*p + 14. Is r(-8) prime?
False
Let u(o) = 2*o**2 + 32*o**2 + 2*o - 2*o + 1. Is u(-1) a prime number?
False
Suppose h = -0*h - 2. Let o(i) = -3*i**3 + i**2 - i. Let a be o(h). Let q = a + 5. Is q a prime number?
False
Suppose -4*d = -3*d + 268. Let n = -145 - d. Is n composite?
True
Suppose -v - 2060 = -5*h + 4*v, -3*h + 1243 = 4*v. Is h prime?
False
Let j be (-6)/(-4) + (-9)/6. Suppose j*a = a + 2. Let y(x) = -2*x - 1. Is y(a) a composite number?
False
Suppose -6941 = 4*x + u - 20674, -4*x - 3*u = -13735. Is x prime?
True
Suppose 3*p - 36 = -4*d + 7*p, 